site?
True
Suppose -5*s + 36 = -4*q, 3*s - 3*q - 17 = 7. Suppose x - 2*j - 209 = 0, -3*j - 840 = -s*x + j. Is x composite?
False
Let m(d) = d**2 + 3*d - 5. Let n be m(0). Let o be (-6211)/n - 28/(-35). Let p = -722 + o. Is p composite?
False
Suppose -93*t + 9114 + 954645 = 0. Is t a prime number?
False
Is ((-11)/(66/(-155780)))/(3/((-36)/(-8))) prime?
False
Suppose -180 = 20*m - 21*m. Suppose 2063 - 427 = a. Suppose -4*i - 4*r = -a, -229 = -i - 4*r + m. Is i prime?
True
Let k(s) = -s**3 - 7*s**2 - 12*s - 41. Let a be k(-23). Let u = a + -3576. Is u prime?
False
Let k(l) = -l**3 - 2*l**2 - 6*l - 10. Let t be k(-2). Suppose 3*p = -t*n + 260 - 3, 5*n = -2*p + 153. Is p a composite number?
False
Is -13093*-22*(27/(-18) + 2) prime?
False
Suppose -5*s = -48*t + 46*t + 87214, -5*t = -s - 217989. Is t composite?
False
Let m(h) = 165*h - 1. Let b = 0 - 6. Let p be m(b). Let o = -40 - p. Is o a composite number?
True
Suppose 20*s + 120282 - 634062 = 0. Is s composite?
True
Let f = -23591 - -44859. Let r = f - 11047. Is r composite?
True
Let z(r) = -229*r + 16. Let m(h) be the second derivative of h**5/20 + h**4/6 - 5*h**3/6 + 3*h**2/2 + 5*h. Let l be m(-4). Is z(l) prime?
False
Let j(z) be the second derivative of 87*z**4/4 + 2*z**3/3 - 3*z**2/2 + 21*z. Let c(u) = -262*u**2 - 4*u + 3. Let v(t) = -3*c(t) - 2*j(t). Is v(1) composite?
True
Suppose u - 3*m = 928, -27*m = -24*m - 6. Let t = u - 251. Is t composite?
False
Let q be ((-14141)/316)/(3/4 + -1). Let p = 412 + q. Suppose -4*z + p = -217. Is z prime?
False
Let f(z) = 72*z**2 + 9*z + 3. Suppose -4*x - 3*p + 13 = 0, 9 = 2*x + p + 2. Is f(x) prime?
False
Let q(g) = 5*g**2 - 2*g - 2. Let h be q(-1). Let m(b) = -2*b**2 + 8*b + 4. Let u be m(h). Is (11582/6 - u/9)/1 composite?
False
Let u be (0*(-2)/(-2))/(-1). Let y(l) = 45*l - 39. Let g be y(7). Suppose -3*c + 5*f - g = -1670, 4*c - 4*f - 1872 = u. Is c a composite number?
True
Let x be (-1)/11 - (-675)/165. Suppose -3*y + 5663 = i, -x*y + 11254 = 4*i + 3714. Is y composite?
False
Suppose 2*h - 690 = -4*c, -h = -0*h - 3*c - 355. Let r = h + -230. Is r composite?
True
Let o(w) = 5*w + 67. Suppose -26 = x - 38. Is o(x) a prime number?
True
Let f be 3 - (-25086 - (-2 + 5)). Let i = -9433 + f. Is i prime?
False
Let v(t) = -140117*t + 2471. Is v(-6) a composite number?
False
Is -3 + (-3665670)/(-12) + 93/62 a prime number?
True
Suppose -2*p - 2 = 5*a, -5*a = 3*p - 2 + 5. Is p*-2*(-40611)/(-6) prime?
True
Let y = 121 + -119. Suppose 5*i = 2*b + 26, -2*i - y*b + 18 = 2. Is i prime?
False
Let g = -19 - -19. Let i(a) = g*a - 6*a - 11 - 44*a. Is i(-14) a prime number?
False
Suppose -10*m + 6*m = 2*w - 131762, m = -w + 32938. Suppose 17*g - m = 38372. Is g a composite number?
True
Suppose -117*r + 9*r + 62607700 + 91080512 = 0. Is r a composite number?
False
Let u(g) = 2440*g**2 + 18*g + 61. Is u(-3) a composite number?
True
Let w(o) = o**2 - 13*o - 66. Let u be w(17). Is (-1 + 4952/(-3))*(-6)/u a composite number?
True
Let f(o) = -303*o - 225. Let q(l) = 152*l + 113. Let i(w) = 2*f(w) + 5*q(w). Is i(6) a prime number?
True
Suppose 0 = -c + v + 2*v + 36359, -2*c = 2*v - 72694. Suppose 0 = -22*u + 20718 + c. Is u a prime number?
False
Suppose p + 5*b = 2*b + 42, 2*b + 22 = p. Let l be -2*3/p - (-205168)/40. Suppose -l = -5*j - 2*m, 5*m - 3*m - 3075 = -3*j. Is j composite?
True
Suppose -4*a = -3*a - 335. Let f = 751 - a. Suppose -3879 = -5*x + f. Is x a composite number?
False
Let h = -75019 + 161130. Is h a composite number?
False
Suppose -39*t - 42236 = -43*t. Is t a composite number?
False
Let a = -473 - -488. Suppose 4*p = -o + 1601, -a*o + 17*o - p - 3193 = 0. Is o prime?
True
Let x(y) = -238*y**2 + 3*y. Let j be x(1). Let i = j - -588. Is i prime?
True
Let y(p) = 15*p + 1. Suppose -10 = 5*l + 5*l. Let i be y(l). Is 1/7 - 9896/i prime?
False
Let p = -1599586 + 3046301. Is p a composite number?
True
Let h = -4737 - -13706. Suppose 5*x = -2*m + 4489, 4*m + 2*x = x + h. Is 1*2*(-1 + m/4) a composite number?
True
Let d = -49367 - -125098. Is d a composite number?
False
Let j = -135 - -144. Let y(u) = 123*u**2 - 16*u - 28. Is y(j) a prime number?
True
Let p(c) = -c**2 + 35*c + 78. Let o be p(37). Let m(x) = 122*x**3 + 5*x**2 - 5*x - 19. Is m(o) a composite number?
True
Let b(a) = 305*a - 65. Let s be b(20). Suppose -6*q + s = 593. Is q a composite number?
False
Let l = -7 - 14. Let s be (1 + -19)/2*2107/l. Let j = s - 626. Is j a composite number?
False
Let d(b) = 8*b**2 - 7*b - 2. Let s be d(16). Let i = -1375 + s. Is i composite?
True
Suppose -4*w - 83505 + 921077 = 0. Is w a composite number?
False
Let n = -39 - -51. Suppose 2*q = -j + n, -4*q + 20 = -2*q + 3*j. Suppose -d = -q*d + 5847. Is d a composite number?
False
Let n = 7176 - 3530. Let o be (4 + -2)/(86/387) + 19. Suppose -26*j - n = -o*j. Is j a prime number?
True
Let i(m) = -m**3 + 7*m**2 - 39*m + 416. Is i(-30) composite?
True
Let n(f) = -f**2 - 6*f - 153. Let p be n(0). Let j = 104 - p. Is j a prime number?
True
Let s(j) = -12*j - 36. Let f(k) = -k**2 - 14*k + 28. Let l be f(-16). Let m be s(l). Is (m + 1531)*(-2 - -3) a composite number?
False
Let m = -665 - -614. Is ((m/(-2))/3)/((-19)/(-18962)) a composite number?
True
Let v(w) = -3*w**3 + 24*w**2 + 9*w + 75. Let p(z) = -4*z**3 + 22*z**2 + 9*z + 75. Let j(n) = 4*p(n) - 5*v(n). Is j(-40) a prime number?
False
Suppose -5*x + 3*r + 57 = -8*x, x = r - 9. Let y be ((-20)/14)/(4/x). Suppose y*w - 5319 = -1354. Is w prime?
False
Let q(g) = 10*g**3 + 4*g**2 - 49*g - 41. Is q(32) composite?
False
Let a(t) be the third derivative of 11*t**6/360 + t**5/20 + 11*t**4/24 + 7*t**3/3 - 10*t**2. Let x(l) be the first derivative of a(l). Is x(14) composite?
False
Suppose 2*x + 5*h - 60817 = -0*x, 2*h = -3*x + 91253. Is x prime?
False
Let j(q) be the third derivative of -9*q**2 - 2/3*q**3 - 1/30*q**5 - 7/120*q**6 + 0*q - 5/12*q**4 + 0. Is j(-5) prime?
False
Suppose -3*t + 2*t - r = -36287, 0 = -3*t - 6*r + 108843. Is t prime?
True
Let h be (-4)/10 + 36/15. Let s be (-609)/(-126) + 5/(-6). Suppose 4150 = h*w + s*r, -2*w - 739 = r - 4892. Is w a composite number?
True
Suppose -34*s - 77 = -41*s. Suppose 0 = 21*h - s*h - 51470. Is h composite?
False
Suppose -f - 2*i - 4 = 51, -5*f - 263 = 4*i. Let n(c) = -2*c**3 + 5*c**2 + 5*c + 2. Let q be n(-3). Let r = f + q. Is r composite?
True
Let i be (-6)/4*(-3 + (-20)/(-12)). Suppose 3*b + 5253 + 5423 = -i*j, -3*b - 5*j = 10688. Let z = b - -7997. Is z a composite number?
False
Let r(b) = 89*b**2 - 64*b - 752. Is r(-13) prime?
True
Suppose -5*z + 5*y + 3891415 - 15015 = 0, 22*y + 154 = 0. Is z a composite number?
False
Suppose 0 = 19*j - 2630533 - 4146102. Is j prime?
False
Let n be ((-18)/4)/(75/(-1400)). Suppose -101*z + 78251 = -n*z. Is z a prime number?
True
Let k(v) = -102*v + 131. Let u = 522 + -537. Is k(u) prime?
False
Is 394803*((-2534)/(-126) + -20) prime?
True
Suppose 4*k + 5*p + 5 = 0, 0 = -k - 0*k + 5*p + 30. Suppose 5*w + 15 = 0, -k*j = 2*w - 6*w + 8593. Let i = 3082 + j. Is i a composite number?
False
Let c(k) = -16*k**3 - 4*k**2 + 4*k + 17. Is c(-10) composite?
True
Let v be (-982)/41 - 30/615. Suppose -2*w - 4 = -0. Is -1 + ((-1136)/v)/(w/(-36)) a prime number?
False
Let r = 179022 + -88669. Is r prime?
True
Suppose -42*w + 9289159 = -162815. Is w a composite number?
True
Let c be 1 + -4 + 14/1. Let h = c - -48. Let l = h + -20. Is l prime?
False
Let z = -757 + 769. Is ((-596)/z)/(-1*(-1)/(-381)) a prime number?
False
Suppose 0 = -5*d + 4*d + 5. Let l(i) = i**2 + 2*i**2 + d - 1 - 4*i. Is l(-3) a composite number?
False
Suppose -o - 14 = -12, o + 360 = -2*r. Let w = 2128 + r. Is w a composite number?
False
Let c be (4 + (-39)/9)*18*-1. Is (1 + c)/7*(7744 + -3) prime?
True
Let c = 54 + -329. Let s = c - -591. Let a = s + -125. Is a a composite number?
False
Suppose -1192 = -6*m + 1316. Suppose -m + 4740 = 2*s. Is s prime?
True
Suppose -3*v = -5*m - 1615, -2*v - m = 3*v - 2673. Suppose 0 = 3*s - 3*r - 687, s + 6*r - 249 = 3*r. Let a = v + s. Is a prime?
True
Suppose 0 = 112*c - 167*c + 76450165. Is c a composite number?
False
Let n = 1075 + -452. Let y = -3245 + 4935. Let b = y - n. Is b composite?
True
Let z = 554 + -532. Let u(y) = 401*y + 71. Is u(z) a prime number?
True
Suppose 0 = 5*a + 19*a - 48. Is -15*